(-6). Suppose 4 = -2*i + 2*x, 0 = -3*x - g + 27. Suppose 0 = -4*q + 16, -2*z - q = -i*q - 286. What are the prime factors of z?
5, 29
Let q = 84 + -43. Suppose -3*j - c = q, 0 = -0*j - 3*j + c - 49. What are the prime factors of (-5)/j - 1376/(-12)?
5, 23
Suppose 4*t + 96*h - 94*h - 10120 = 0, -12649 = -5*t - 3*h. List the prime factors of t.
2531
Let t = -674 - -1044. Let s = -84 + t. What are the prime factors of s?
2, 11, 13
Suppose -1378*p - 1781640 = -1450*p. What are the prime factors of p?
5, 7, 101
Let d(r) = 8903*r + 8. List the prime factors of d(1).
7, 19, 67
Let b(m) = 90*m**2 + 48*m + 811. What are the prime factors of b(-14)?
23, 773
Let p = -125 - -108. Let j(q) = q**2 + 15*q - 40. Let t be j(p). List the prime factors of ((-270)/8)/(t/16*1).
2, 3, 5
Let j = 45449 - -17411. What are the prime factors of j?
2, 5, 7, 449
What are the prime factors of ((-22451)/2)/(5*(2 - (-231)/(-110)))?
11, 13, 157
List the prime factors of 1123568/26 - (-366)/(-2379).
2, 17, 31, 41
Let n(d) = -10*d + 10. Let k be n(0). What are the prime factors of (158/k)/((-22)/(-110))?
79
Let q(p) = -8*p - 69. Let a be q(-9). Suppose -3*u = -h - 8*u + 569, -h = a*u - 579. What are the prime factors of h?
2, 3, 11
Let m = -79320 + 117587. What are the prime factors of m?
17, 2251
Let p(k) = -299*k - 33. Let i be p(-7). Suppose -6*b + i = -2734. List the prime factors of b.
17, 47
Let j(q) = 2*q**2 - 4*q + 8. Let s be j(4). Suppose 26*n - 1260 = s*n. Suppose -6*t = -t - n. What are the prime factors of t?
2, 3, 7
Suppose -33426 - 46269 = -35*h. Suppose 0 = -6*m + h + 1737. List the prime factors of m.
3, 223
List the prime factors of 7 + (-41794)/16*(4 + (-24 - -12)).
2, 3, 13, 67
Suppose -5*b + 5*p + 4755 = 0, -5*b - 2*p + 2868 = -2*b. Suppose -k = -3*k + b. Let o = -222 + k. What are the prime factors of o?
3, 5, 17
Suppose 0 = -52*d + 56*d - 16. Suppose 0 = -d*p - 5*a - 365, -288 = 4*p + 3*a + 67. Let r = p + 361. List the prime factors of r.
2, 3, 23
Let r = -28 + 23. Let n be ((-50)/(-30))/(r/(-6)). Suppose 0*h + 5*b = n*h - 32, 2*h - 2*b = 38. List the prime factors of h.
3, 7
Suppose -16*q + 7*q = 18. Let o(w) = -262*w + 40. List the prime factors of o(q).
2, 3, 47
Suppose -2*l = 3*f - 32506, 14*l - 5*f + 16239 = 15*l. List the prime factors of l.
71, 229
Let r = -21013 - -30836. What are the prime factors of r?
11, 19, 47
Let f(p) = 31*p**3 - p**2 - p + 7. Let w = 5 + -3. List the prime factors of f(w).
3, 83
Suppose -3*o = -4*l - 196, 0 = -5*o - 4*l + 363 - 79. List the prime factors of (11290/o - 2) + (-2)/12.
2, 3, 31
Suppose 22 - 31 = -j. What are the prime factors of 2855/j + (-48)/(-27) + -2?
317
Let q(j) = -j**2 + 9*j + 19. Let a be q(7). Suppose -5*z - a = 22. What are the prime factors of (z/22)/(1/(412/(-2)))?
103
Let v = -11997 - -29272. What are the prime factors of v?
5, 691
Let w be (-3 - 1/7)/(4/(-28)). List the prime factors of ((-616)/(-6) - w/33)*1.
2, 3, 17
Suppose 7*g + 83 = 20. Let s(h) be the second derivative of h**4/12 - h**3/6 - 3*h**2/2 - 2*h. List the prime factors of s(g).
3, 29
Let z(w) = -w**3 + 13*w**2 + 28*w - 6. Suppose -15*j + 195 = -0*j. List the prime factors of z(j).
2, 179
Let l = 42196 - 22363. What are the prime factors of l?
3, 11, 601
Suppose -22*k + 90823 = -301195. What are the prime factors of k?
103, 173
Let m = 210 + -117. Let h be 5*(0 - (1 - 46)). Let f = h - m. List the prime factors of f.
2, 3, 11
Suppose -g + 2*g = 11. Suppose -437 = -18*n - 131. Suppose 0 = -g*d + n*d - 582. What are the prime factors of d?
97
What are the prime factors of ((-5 - 0) + (-6 - -16))*40?
2, 5
Let p = -33 + 27. Let h(q) = -2*q**2 - 16*q - 12. Let m be h(p). Let i(f) = -f**3 + 14*f**2 - 23*f - 7. List the prime factors of i(m).
5
What are the prime factors of 729/(-4)*(-21 - -20)*8?
2, 3
Suppose 2*g - 2*u - 52672 = 502, 5*g = -u + 132983. List the prime factors of g.
3, 5, 197
Suppose -161*c - 12 = -163*c. Suppose -1274 = -c*k + 334. List the prime factors of k.
2, 67
Let x = -12 + 55. Let b = -35 + x. Suppose 0 = b*n - 13*n + 55. List the prime factors of n.
11
Let i = 60 - 56. Suppose y - 26 = i*t - 78, -40 = -2*t - 3*y. What are the prime factors of 2680/28 + ((-4)/t)/(-1)?
2, 3
Let h(g) = -10*g**3 - 9*g + 2. Let f be h(-3). Let t be 1 + (2 - 3) - 137. Let m = t + f. List the prime factors of m.
2, 3
Let i be (-150)/9*(-26 - -2). Suppose 30 = -5*a - i. Let y = -52 - a. What are the prime factors of y?
2, 17
Let j(s) = -2*s**3 - 73*s**2 - 12*s - 520. List the prime factors of j(-42).
2, 37, 131
Let c(w) = -7*w + 4 + 445*w**2 + 2*w - 288*w**2. Let o be c(1). Suppose -3*s = -2*p - 0*s + 78, 4*p - o = 3*s. List the prime factors of p.
3, 13
Suppose -208 - 318 = -p. Let z = p + -352. List the prime factors of z.
2, 3, 29
Let i be (-6)/5 + 104/20. Suppose -7*x + 8*x - 805 = i*z, 0 = 3*x + 4*z - 2399. What are the prime factors of x?
3, 89
Suppose 0 = -2*i + 4, 0 = b - 6*b - 3*i - 64. List the prime factors of (-11305)/(-10) - 7/b.
3, 13, 29
Let z = 20712 - -12105. List the prime factors of z.
3, 10939
Suppose -4*c - y + 4560 = 0, -c - y + 469 + 671 = 0. Let d = c + -680. Suppose 32*o + d = 37*o. List the prime factors of o.
2, 23
Let r = -47 + 42. Let f be (0/3 - -3)*r/(-5). Suppose -2*o + 2*t = 2*o - 318, 5*o = f*t + 395. List the prime factors of o.
2, 41
Let u(h) be the first derivative of -59*h**2/2 - 5*h - 15. Let d be u(1). What are the prime factors of (d/4)/4 - -245?
241
Let m = 551 + -549. What are the prime factors of (10/(-85) + (-140632)/(-68))/m?
2, 11, 47
Let o(h) = -3*h**3 + 50*h**2 - 107. Let v(s) = 4*s**3 - 51*s**2 + s + 108. Let x(k) = -3*o(k) - 2*v(k). What are the prime factors of x(48)?
3
Let l = -211 + 213. Suppose -u - 80 = -3*u. List the prime factors of 63/l*u/6.
2, 3, 5, 7
Suppose -6*b = 34 - 64. Suppose -2*l - 3*a + 1852 = a, 3*a = 4*l - 3649. Suppose l - 121 = b*d. What are the prime factors of d?
3, 53
Let v be (6 - (29 + -6)) + 3. Suppose 0*q + 5*q - 2*t = -890, 745 = -4*q - 5*t. List the prime factors of (q/(-42))/((-2)/v).
2, 3, 5
Suppose -21103 = -30*j + 7967. What are the prime factors of j?
3, 17, 19
Suppose -3*v + 26260 = 4*z - 54357, 3*v - 80642 = z. What are the prime factors of v?
26879
Suppose -177 = 13*a + 109. What are the prime factors of ((-524)/6)/((-3)/((-99)/a))?
131
Suppose 0 = -5*d - 0*d + 4*o - 10, 0 = 3*d - 2*o + 4. Let y = 2109 + -2108. List the prime factors of (4 + (-9)/d)/(y/(-10)).
5
Let a be -6 + 4 + -87 + 1. Let v = -50 - a. Suppose 2*h - v = 72. List the prime factors of h.
5, 11
Let u = -117 - -131. Let y be u/(-49) - -1*(-1802)/14. Let t = y - -183. List the prime factors of t.
2, 3
Suppose 3*d = 12 + 39. Suppose -q = -d + 20. List the prime factors of 256 + -4*q/12.
257
What are the prime factors of 2/(-3) + 1065/(-27)*-177?
3, 13, 179
Let k be ((-3144)/(-8))/1 + -2. Let y = k - 213. List the prime factors of y.
2, 89
Let o = -7000 + 14389. List the prime factors of o.
3, 821
Suppose -7*u - u = 16. Suppose 0 = 5*d - 2*p - 51, 4*p - 21 = -4*d - p. List the prime factors of (u - 1)*(-45)/d.
3, 5
Suppose 109*d - 46501 - 405170 = 625903. List the prime factors of d.
2, 4943
List the prime factors of (24923/8)/(48 - (-10724)/(-224)).
24923
Suppose -3*o - 14 = 4. Let s be 104*(-7)/14*o/4. Suppose -h = -k - s, -4*k + k + 277 = 4*h. What are the prime factors of h?
73
Let i = -109 - -103. What are the prime factors of 305 + (-5)/(i + 11)?
2, 19
Let x be (0/(-2))/(6 - 7). Suppose z - k - 7 = x, z = 4*z - 5*k - 19. Suppose -z*y = -11*y + 297. What are the prime factors of y?
3, 11
Let q(o) = 566*o**2 + 417*o - 18. What are the prime factors of q(11)?
5, 19, 769
Let t(d) = 51*d - 103. Let i be t(-8). Let n = i - -1437. What are the prime factors of n?
2, 463
Let y(a) = 19*a + 187. Let c be y(-8). Suppose c*r + 6936 = 47*r. What are the prime factors of r?
2, 17
Suppose -15*o + 11*o + 4697 = g, -2*g - 3509 = -3*o. Suppose o = -3*j + 4557. What are the prime factors of j?
2, 3, 47
Suppose -645 = 1618*g - 1613*g. Let t = 349 - g. List the prime factors of t.
2, 239
Suppose j - 16 = -30. What are the prime factors of (528/7)/((-2)/j)?
2, 3, 11
Let a(w) = -4*w + 2334. Let q be a(0). Suppose 1554 = 3*p + 2*o - q, -o = 4*p - 5179. List the prime factors of p.
2, 647
Suppose m = 